{"id":572,"date":"2018-04-29T19:17:23","date_gmt":"2018-04-29T18:17:23","guid":{"rendered":"http:\/\/traildelachouette.fr\/?page_id=572"},"modified":"2024-09-30T14:13:22","modified_gmt":"2024-09-30T13:13:22","slug":"edition-2018","status":"publish","type":"page","link":"https:\/\/www.traildelachouette.fr\/index.php\/edition-2018\/","title":{"rendered":"Edition 2018"},"content":{"rendered":"\n<p>Trois courses \u00e9taient au programme de cette troisi\u00e8me \u00e9dition<\/p>\n\n\n\n<h2 class=\"has-white-color has-text-color wp-block-heading\"><span style=\"color: #003300;\"><strong>LES RESULTATS<\/strong><\/span><\/h2>\n\n\n\n<figure class=\"wp-block-table\"><table><tbody><tr><td><a href=\"http:\/\/traildelachouette.fr\/wp-content\/uploads\/2018\/04\/scratch-lachevechette.pdf\">scratch-Chev\u00eachette<\/a><\/td><td><a href=\"http:\/\/traildelachouette.fr\/wp-content\/uploads\/2018\/04\/Scratch-Grand-Duc-1-1.pdf\">Scratch Grand Duc<\/a><\/td><td><a href=\"http:\/\/traildelachouette.fr\/wp-content\/uploads\/2018\/04\/scratch-lapone-1.pdf\">scratch-lapone<\/a><\/td><\/tr><\/tbody><\/table><\/figure>\n\n\n\n<p><strong>LES PHOTOS<\/strong><\/p>\n\n\n\n<p><a href=\"https:\/\/niko-ngoisque.blogspot.fr\/2018\/04\/trail-de-la-chouette-2018-les-photos.html\">Photos de la Chev\u00eachette<\/a> r\u00e9alis\u00e9es par Nicolas GOSQUE<\/p>\n\n\n\n<p>Photos du Grand-Duc r\u00e9alis\u00e9es par Jos\u00e9 GOULART<br><a href=\"https:\/\/photos.app.goo.gl\/pD6E1EgYXocrAibL7\">En mode portrait <\/a>&nbsp; &#8212; &nbsp;<a href=\"https:\/\/photos.app.goo.gl\/35SQoAL2aED67Qzn9\">En mode paysage<\/a>&nbsp; &#8212; <a href=\"https:\/\/photos.app.goo.gl\/iYP94gGj54BC1h5K7\">Les 2 ensemble<\/a><\/p>\n\n\n\n<p><strong>LES COMMENTAIRES&nbsp;<\/strong><\/p>\n\n\n\n<p>Allez jusqu&rsquo;au bout de la lecture, il y a un petit message des vainqueurs<strong><br><\/strong><a style=\"font-size: 1rem;\" href=\"http:\/\/traildelachouette.fr\/index.php\/commentaires-2018\/\">Liste presque compl\u00e8te des commentaires re\u00e7us&nbsp;<\/a><strong><br><\/strong><\/p>\n","protected":false},"excerpt":{"rendered":"<p>Trois courses \u00e9taient au programme de cette troisi\u00e8me \u00e9dition LES RESULTATS scratch-Chev\u00eachette Scratch Grand Duc scratch-lapone LES PHOTOS Photos de la Chev\u00eachette r\u00e9alis\u00e9es par Nicolas GOSQUE Photos du Grand-Duc r\u00e9alis\u00e9es par Jos\u00e9 GOULARTEn mode portrait &nbsp; &#8212; &nbsp;En mode paysage&nbsp; <a class=\"more-link\" href=\"https:\/\/www.traildelachouette.fr\/index.php\/edition-2018\/\">Lire la suite &#8230;<\/a><\/p>\n","protected":false},"author":1,"featured_media":0,"parent":0,"menu_order":0,"comment_status":"closed","ping_status":"closed","template":"","meta":{"footnotes":""},"class_list":["post-572","page","type-page","status-publish","hentry"],"_links":{"self":[{"href":"https:\/\/www.traildelachouette.fr\/index.php\/wp-json\/wp\/v2\/pages\/572","targetHints":{"allow":["GET"]}}],"collection":[{"href":"https:\/\/www.traildelachouette.fr\/index.php\/wp-json\/wp\/v2\/pages"}],"about":[{"href":"https:\/\/www.traildelachouette.fr\/index.php\/wp-json\/wp\/v2\/types\/page"}],"author":[{"embeddable":true,"href":"https:\/\/www.traildelachouette.fr\/index.php\/wp-json\/wp\/v2\/users\/1"}],"replies":[{"embeddable":true,"href":"https:\/\/www.traildelachouette.fr\/index.php\/wp-json\/wp\/v2\/comments?post=572"}],"version-history":[{"count":17,"href":"https:\/\/www.traildelachouette.fr\/index.php\/wp-json\/wp\/v2\/pages\/572\/revisions"}],"predecessor-version":[{"id":1710,"href":"https:\/\/www.traildelachouette.fr\/index.php\/wp-json\/wp\/v2\/pages\/572\/revisions\/1710"}],"wp:attachment":[{"href":"https:\/\/www.traildelachouette.fr\/index.php\/wp-json\/wp\/v2\/media?parent=572"}],"curies":[{"name":"wp","href":"https:\/\/api.w.org\/{rel}","templated":true}]}}