{"id":454,"date":"2017-12-10T16:00:11","date_gmt":"2017-12-10T15:00:11","guid":{"rendered":"http:\/\/traildelachouette.fr\/?page_id=454"},"modified":"2026-04-16T06:46:07","modified_gmt":"2026-04-16T05:46:07","slug":"programme","status":"publish","type":"page","link":"https:\/\/www.traildelachouette.fr\/index.php\/programme\/","title":{"rendered":"Programme 2026"},"content":{"rendered":"<p><b><u>Jeudi 23 Avril 2026<\/u><\/b><\/p>\n<ul>\n<li><b>A partir de 14 heures et\u00a0jusqu&rsquo;\u00e0 18 heures : <\/b>Distribution des dossards chez notre partenaire \u00ab\u00a0Terre de running\u00a0\u00bb \u00e0 Qu\u00e9tigny<\/li>\n<\/ul>\n<p><b><u>Vendredi 24 Avril 2026<\/u><\/b><\/p>\n<ul>\n<li style=\"list-style-type: none;\">\n<ul>\n<li><b>A partir de 10 heures et\u00a0jusqu&rsquo;\u00e0 18 heures : <\/b>Distribution des dossards chez notre partenaire \u00ab\u00a0Terre de running\u00a0\u00bb \u00e0 Qu\u00e9tigny<\/li>\n<\/ul>\n<\/li>\n<\/ul>\n<p><u><b>Samedi 25 AVRIL<\/b><\/u><\/p>\n<ul>\n<li><strong>A partir de 7h00<\/strong> : Distribution des dossards sur le site.<\/li>\n<li><strong>8h00<\/strong> : D\u00e9part du\u00a0<a href=\"http:\/\/traildelachouette.fr\/index.php\/le-grand-duc\/\">Grand-Duc<\/a><\/li>\n<li><strong>9h00<\/strong> : D\u00e9part de <a href=\"http:\/\/traildelachouette.fr\/index.php\/la-hulotte\/\">la Hulotte<\/a><\/li>\n<li><strong>9h30<\/strong>\u00a0: D\u00e9part de<a href=\"http:\/\/traildelachouette.fr\/index.php\/la-cheveche\/\"> la Chev\u00eachette<\/a><\/li>\n<li><strong>9h40<\/strong> : Courses enfants<\/li>\n<li><strong>10h00<\/strong>: D\u00e9part de<a href=\"http:\/\/traildelachouette.fr\/index.php\/leperviere\/\"> l&rsquo;Epervi\u00e8re<\/a><\/li>\n<li><strong>10h25<\/strong> : Arriv\u00e9e des premiers de<a href=\"http:\/\/traildelachouette.fr\/index.php\/la-cheveche\/\"> la Chev\u00eachette<\/a><\/li>\n<li><strong>11h25<\/strong>\u00a0: Arriv\u00e9e des premiers de\u00a0<a href=\"http:\/\/traildelachouette.fr\/index.php\/la-hulotte\/\">la Hulotte<\/a><\/li>\n<li><strong>11h30<\/strong> : Arriv\u00e9e des premiers de l<a href=\"http:\/\/traildelachouette.fr\/index.php\/leperviere\/\">&lsquo;Epervi\u00e8re<\/a><\/li>\n<li><strong>12h15<\/strong> : Arriv\u00e9e des premiers du <a href=\"http:\/\/traildelachouette.fr\/index.php\/le-grand-duc\/\">Grand-Duc<\/a><\/li>\n<li><strong>13h00 :\u00a0<\/strong> Podiums Chev\u00eachette<\/li>\n<li><strong>14h00<\/strong> : Podiums de l&rsquo;\u00e9pervi\u00e8re<\/li>\n<li><strong>14h30<\/strong> Podiums de l a Hulotte<\/li>\n<li><strong>15h00<\/strong> Podiums du<a href=\"http:\/\/traildelachouette.fr\/index.php\/le-grand-duc\/\"> Grand-Duc<\/a><\/li>\n<\/ul>\n<p>Toute la journ\u00e9e du Samedi<\/p>\n<ul>\n<li>Le buffet d&rsquo;arriv\u00e9e sera comme l&rsquo;es ann\u00e9es pr\u00e9c\u00e9dentes copieux en proposant \u00e0 tous les participants les produits r\u00e9gionaux qui ont fait son succ\u00e8s.<\/li>\n<li>Une buvette Bi\u00e8res-Frites-ventr\u00eache-hotdog sera propos\u00e9 aux accompagnants et coureurs<\/li>\n<li>Un stand cr\u00eapes et un autre de glaces artisanales<\/li>\n<li>Nous soutenons \u00e0 nouveau\u00a0l&rsquo;Association \u00ab\u00a0Les Chouettes du Coeur\u00a0\u00bb (1 euro revers\u00e9 par participant).\u00a0<b>Vous pourrez \u00e9changer avec les sympathiques\u00a0membres de cette Association\u00a0<\/b>sur leur action et\u00a0admirer les Chouettes, hiboux et le Grand-Duc.<\/li>\n<li>Pas de douches ni vestiaires mais gestion d&rsquo;une consigne<\/li>\n<\/ul>\n","protected":false},"excerpt":{"rendered":"<p>Jeudi 23 Avril 2026 A partir de 14 heures et\u00a0jusqu&rsquo;\u00e0 18 heures : Distribution des dossards chez notre partenaire \u00ab\u00a0Terre de running\u00a0\u00bb \u00e0 Qu\u00e9tigny Vendredi 24 Avril 2026 A partir de 10 heures et\u00a0jusqu&rsquo;\u00e0 18 heures : Distribution des dossards <a class=\"more-link\" href=\"https:\/\/www.traildelachouette.fr\/index.php\/programme\/\">Lire la suite &#8230;<\/a><\/p>\n","protected":false},"author":1,"featured_media":0,"parent":0,"menu_order":0,"comment_status":"closed","ping_status":"closed","template":"","meta":{"footnotes":""},"class_list":["post-454","page","type-page","status-publish","hentry"],"_links":{"self":[{"href":"https:\/\/www.traildelachouette.fr\/index.php\/wp-json\/wp\/v2\/pages\/454","targetHints":{"allow":["GET"]}}],"collection":[{"href":"https:\/\/www.traildelachouette.fr\/index.php\/wp-json\/wp\/v2\/pages"}],"about":[{"href":"https:\/\/www.traildelachouette.fr\/index.php\/wp-json\/wp\/v2\/types\/page"}],"author":[{"embeddable":true,"href":"https:\/\/www.traildelachouette.fr\/index.php\/wp-json\/wp\/v2\/users\/1"}],"replies":[{"embeddable":true,"href":"https:\/\/www.traildelachouette.fr\/index.php\/wp-json\/wp\/v2\/comments?post=454"}],"version-history":[{"count":10,"href":"https:\/\/www.traildelachouette.fr\/index.php\/wp-json\/wp\/v2\/pages\/454\/revisions"}],"predecessor-version":[{"id":2304,"href":"https:\/\/www.traildelachouette.fr\/index.php\/wp-json\/wp\/v2\/pages\/454\/revisions\/2304"}],"wp:attachment":[{"href":"https:\/\/www.traildelachouette.fr\/index.php\/wp-json\/wp\/v2\/media?parent=454"}],"curies":[{"name":"wp","href":"https:\/\/api.w.org\/{rel}","templated":true}]}}