{"id":1850,"date":"2025-02-06T13:33:46","date_gmt":"2025-02-06T12:33:46","guid":{"rendered":"http:\/\/traildelachouette.fr\/?page_id=1850"},"modified":"2026-01-12T14:04:36","modified_gmt":"2026-01-12T13:04:36","slug":"commande-maillots-trail","status":"publish","type":"page","link":"https:\/\/www.traildelachouette.fr\/index.php\/commande-maillots-trail\/","title":{"rendered":"Commande Maillots Section Trail"},"content":{"rendered":"\n<p><\/p>\n\n\n\n<figure class=\"wp-block-image size-full is-resized\"><a href=\"http:\/\/traildelachouette.fr\/wp-content\/uploads\/2025\/02\/Maillot-Trail.png\"><img loading=\"lazy\" decoding=\"async\" width=\"444\" height=\"524\" src=\"http:\/\/traildelachouette.fr\/wp-content\/uploads\/2025\/02\/Maillot-Trail.png\" alt=\"\" class=\"wp-image-1855\" style=\"width:207px;height:244px\" srcset=\"https:\/\/www.traildelachouette.fr\/wp-content\/uploads\/2025\/02\/Maillot-Trail.png 444w, https:\/\/www.traildelachouette.fr\/wp-content\/uploads\/2025\/02\/Maillot-Trail-254x300.png 254w\" sizes=\"auto, (max-width: 444px) 100vw, 444px\" \/><\/a><\/figure>\n\n\n\n<p>Ce maillot cr\u00e9\u00e9 pour la section Trail est propos\u00e9 aux adh\u00e9rents du club.<\/p>\n\n\n\n<p>Le club prend en charge 35% du prix du maillot, ce qui vous permet d&rsquo;arborer les couleurs du club pour <strong>26 Euros<\/strong><\/p>\n\n\n\n<p>Pour ceux qui souhaitent un deuxi\u00e8me, il est accessible au prix co\u00fbtant est de <strong>40<\/strong> <strong>Euros<\/strong><\/p>\n\n\n\n<p>Pour que la commande soit pass\u00e9e, le virement doit \u00eatre fait sur le RIB du club, avec le libell\u00e9 &lsquo;Maillot Trail\u00a0\u00bb<\/p>\n\n\n<style id=\"wpforms-css-vars-2142-block-e755ced9-dec1-4c60-bec0-ca9d33d3e228\">\n\t\t\t\t#wpforms-2142.wpforms-block-e755ced9-dec1-4c60-bec0-ca9d33d3e228 {\n\t\t\t\t--wpforms-label-color: #4f4342;\n--wpforms-label-sublabel-color: rgba(0, 0, 0, 0.55);\n--wpforms-field-border-color: rgba(0, 0, 0, 0.25);\n--wpforms-field-border-color-spare: rgba(0, 0, 0, 0.25);\n--wpforms-field-text-color: #bd9b9b;\n--wpforms-field-size-input-height: 43px;\n--wpforms-field-size-input-spacing: 15px;\n--wpforms-field-size-font-size: 16px;\n--wpforms-field-size-line-height: 19px;\n--wpforms-field-size-padding-h: 14px;\n--wpforms-field-size-checkbox-size: 16px;\n--wpforms-field-size-sublabel-spacing: 5px;\n--wpforms-field-size-icon-size: 1;\n--wpforms-label-size-font-size: 16px;\n--wpforms-label-size-line-height: 19px;\n--wpforms-label-size-sublabel-font-size: 14px;\n--wpforms-label-size-sublabel-line-height: 17px;\n--wpforms-button-size-font-size: 17px;\n--wpforms-button-size-height: 41px;\n--wpforms-button-size-padding-h: 15px;\n--wpforms-button-size-margin-top: 10px;\n\t\t\t}\n\t\t\t<\/style><div class=\"wpforms-container wpforms-container-full wpforms-block wpforms-block-e755ced9-dec1-4c60-bec0-ca9d33d3e228 wpforms-render-modern\" id=\"wpforms-2142\"><form id=\"wpforms-form-2142\" class=\"wpforms-validate wpforms-form wpforms-ajax-form\" data-formid=\"2142\" method=\"post\" enctype=\"multipart\/form-data\" action=\"\/index.php\/wp-json\/wp\/v2\/pages\/1850\" data-token=\"0755b0798aee00460151b56e834ff933\" data-token-time=\"1777659235\"><noscript class=\"wpforms-error-noscript\">Veuillez activer JavaScript dans votre navigateur pour remplir ce formulaire.<\/noscript><div id=\"wpforms-error-noscript\" style=\"display: none;\">Veuillez activer JavaScript dans votre navigateur pour remplir ce formulaire.<\/div><div class=\"wpforms-field-container\"><div id=\"wpforms-2142-field_1-container\" class=\"wpforms-field wpforms-field-name\" data-field-id=\"1\"><fieldset><legend class=\"wpforms-field-label\">Nom <span class=\"wpforms-required-label\" aria-hidden=\"true\">*<\/span><\/legend><div class=\"wpforms-field-row wpforms-field-medium\"><div class=\"wpforms-field-row-block wpforms-first wpforms-one-half\"><input type=\"text\" id=\"wpforms-2142-field_1\" class=\"wpforms-field-name-first wpforms-field-required\" name=\"wpforms[fields][1][first]\" aria-errormessage=\"wpforms-2142-field_1-error\" required><label for=\"wpforms-2142-field_1\" class=\"wpforms-field-sublabel after\">Pr\u00e9nom<\/label><\/div><div class=\"wpforms-field-row-block wpforms-one-half\"><input type=\"text\" id=\"wpforms-2142-field_1-last\" class=\"wpforms-field-name-last wpforms-field-required\" name=\"wpforms[fields][1][last]\" aria-errormessage=\"wpforms-2142-field_1-last-error\" required><label for=\"wpforms-2142-field_1-last\" class=\"wpforms-field-sublabel after\">Nom<\/label><\/div><\/div><\/fieldset><\/div><div id=\"wpforms-2142-field_2-container\" class=\"wpforms-field wpforms-field-email\" data-field-id=\"2\"><label class=\"wpforms-field-label\" for=\"wpforms-2142-field_2\">Email <span class=\"wpforms-required-label\" aria-hidden=\"true\">*<\/span><\/label><input type=\"email\" id=\"wpforms-2142-field_2\" class=\"wpforms-field-medium wpforms-field-required\" name=\"wpforms[fields][2]\" spellcheck=\"false\" aria-errormessage=\"wpforms-2142-field_2-error\" required><\/div><div id=\"wpforms-2142-field_3-container\" class=\"wpforms-field wpforms-field-textarea\" data-field-id=\"3\"><label class=\"wpforms-field-label\" for=\"wpforms-2142-field_3\">Mon message<\/label><textarea id=\"wpforms-2142-field_3\" class=\"wpforms-field-medium\" name=\"wpforms[fields][3]\" aria-errormessage=\"wpforms-2142-field_3-error\" ><\/textarea><\/div>\t\t<div id=\"wpforms-2142-field_5-container\"\n\t\t\tclass=\"wpforms-field wpforms-field-text\"\n\t\t\tdata-field-type=\"text\"\n\t\t\tdata-field-id=\"5\"\n\t\t\t>\n\t\t\t<label class=\"wpforms-field-label\" for=\"wpforms-2142-field_5\" >Mon message Nom<\/label>\n\t\t\t<input type=\"text\" id=\"wpforms-2142-field_5\" class=\"wpforms-field-medium\" name=\"wpforms[fields][5]\" >\n\t\t<\/div>\n\t\t<div id=\"wpforms-2142-field_4-container\" class=\"wpforms-field wpforms-field-select wpforms-field-select-style-classic\" data-field-id=\"4\"><label class=\"wpforms-field-label\" for=\"wpforms-2142-field_4\">Liste d\u00e9roulante<\/label><select id=\"wpforms-2142-field_4\" class=\"wpforms-field-medium\" name=\"wpforms[fields][4]\"><option value=\"XS\"  class=\"choice-1 depth-1\"  >XS<\/option><option value=\"S\"  class=\"choice-2 depth-1\"  >S<\/option><option value=\"M\"  class=\"choice-3 depth-1\"  >M<\/option><option value=\"L\"  class=\"choice-4 depth-1\"  >L<\/option><option value=\"XL\"  class=\"choice-5 depth-1\"  >XL<\/option><\/select><div id=\"wpforms-2142-field_4-description\" class=\"wpforms-field-description\">Taille du maillot souhait\u00e9<\/div><\/div><script>\n\t\t\t\t( function() {\n\t\t\t\t\tconst style = document.createElement( 'style' );\n\t\t\t\t\tstyle.appendChild( document.createTextNode( '#wpforms-2142-field_5-container { position: absolute !important; overflow: hidden !important; display: inline !important; height: 1px !important; width: 1px !important; z-index: -1000 !important; padding: 0 !important; } #wpforms-2142-field_5-container input { visibility: hidden; } #wpforms-conversational-form-page #wpforms-2142-field_5-container label { counter-increment: none; }' ) );\n\t\t\t\t\tdocument.head.appendChild( style );\n\t\t\t\t\tdocument.currentScript?.remove();\n\t\t\t\t} )();\n\t\t\t<\/script><\/div><!-- .wpforms-field-container --><div class=\"wpforms-submit-container\" ><input type=\"hidden\" name=\"wpforms[id]\" value=\"2142\"><input type=\"hidden\" name=\"page_title\" value=\"\"><input type=\"hidden\" name=\"page_url\" value=\"https:\/\/www.traildelachouette.fr\/index.php\/wp-json\/wp\/v2\/pages\/1850\"><input type=\"hidden\" name=\"url_referer\" value=\"\"><button type=\"submit\" name=\"wpforms[submit]\" id=\"wpforms-submit-2142\" class=\"wpforms-submit\" data-alt-text=\"Envoi...\" data-submit-text=\"Envoi\" aria-live=\"assertive\" value=\"wpforms-submit\">Envoi<\/button><img loading=\"lazy\" decoding=\"async\" src=\"https:\/\/www.traildelachouette.fr\/wp-content\/plugins\/wpforms-lite\/assets\/images\/submit-spin.svg\" class=\"wpforms-submit-spinner\" style=\"display: none;\" width=\"26\" height=\"26\" alt=\"Chargement en cours\"><\/div><\/form><\/div>  <!-- .wpforms-container -->","protected":false},"excerpt":{"rendered":"<p>Ce maillot cr\u00e9\u00e9 pour la section Trail est propos\u00e9 aux adh\u00e9rents du club. Le club prend en charge 35% du prix du maillot, ce qui vous permet d&rsquo;arborer les couleurs du club pour 26 Euros Pour ceux qui souhaitent un <a class=\"more-link\" href=\"https:\/\/www.traildelachouette.fr\/index.php\/commande-maillots-trail\/\">Lire la suite &#8230;<\/a><\/p>\n","protected":false},"author":1,"featured_media":0,"parent":0,"menu_order":0,"comment_status":"closed","ping_status":"closed","template":"","meta":{"footnotes":""},"class_list":["post-1850","page","type-page","status-publish","hentry"],"_links":{"self":[{"href":"https:\/\/www.traildelachouette.fr\/index.php\/wp-json\/wp\/v2\/pages\/1850","targetHints":{"allow":["GET"]}}],"collection":[{"href":"https:\/\/www.traildelachouette.fr\/index.php\/wp-json\/wp\/v2\/pages"}],"about":[{"href":"https:\/\/www.traildelachouette.fr\/index.php\/wp-json\/wp\/v2\/types\/page"}],"author":[{"embeddable":true,"href":"https:\/\/www.traildelachouette.fr\/index.php\/wp-json\/wp\/v2\/users\/1"}],"replies":[{"embeddable":true,"href":"https:\/\/www.traildelachouette.fr\/index.php\/wp-json\/wp\/v2\/comments?post=1850"}],"version-history":[{"count":5,"href":"https:\/\/www.traildelachouette.fr\/index.php\/wp-json\/wp\/v2\/pages\/1850\/revisions"}],"predecessor-version":[{"id":2267,"href":"https:\/\/www.traildelachouette.fr\/index.php\/wp-json\/wp\/v2\/pages\/1850\/revisions\/2267"}],"wp:attachment":[{"href":"https:\/\/www.traildelachouette.fr\/index.php\/wp-json\/wp\/v2\/media?parent=1850"}],"curies":[{"name":"wp","href":"https:\/\/api.w.org\/{rel}","templated":true}]}}