{"id":1656,"date":"2024-09-27T17:41:05","date_gmt":"2024-09-27T16:41:05","guid":{"rendered":"http:\/\/traildelachouette.fr\/?page_id=1656"},"modified":"2024-10-02T07:04:41","modified_gmt":"2024-10-02T06:04:41","slug":"2025-les-editions-precedentes","status":"publish","type":"page","link":"https:\/\/www.traildelachouette.fr\/index.php\/2025-les-editions-precedentes\/","title":{"rendered":"Les \u00e9ditions pr\u00e9c\u00e9dentes"},"content":{"rendered":"\n<figure class=\"wp-block-image size-full\"><a href=\"http:\/\/traildelachouette.fr\/wp-content\/uploads\/2024\/09\/Editions-precedentes.jpg\"><img loading=\"lazy\" decoding=\"async\" width=\"800\" height=\"450\" src=\"http:\/\/traildelachouette.fr\/wp-content\/uploads\/2024\/09\/Editions-precedentes.jpg\" alt=\"\" class=\"wp-image-1663\" srcset=\"https:\/\/www.traildelachouette.fr\/wp-content\/uploads\/2024\/09\/Editions-precedentes.jpg 800w, https:\/\/www.traildelachouette.fr\/wp-content\/uploads\/2024\/09\/Editions-precedentes-300x169.jpg 300w, https:\/\/www.traildelachouette.fr\/wp-content\/uploads\/2024\/09\/Editions-precedentes-768x432.jpg 768w\" sizes=\"auto, (max-width: 800px) 100vw, 800px\" \/><\/a><\/figure>\n\n\n\n<p>Tous les r\u00e9sultats et photos depuis la premi\u00e8re en 2016.<\/p>\n\n\n\n<p> <\/p>\n\n\n\n<figure class=\"wp-block-table\"><table><tbody><tr><td class=\"has-text-align-center\" data-align=\"center\"><a href=\"http:\/\/traildelachouette.fr\/index.php\/edition-2024\/\">2024<\/a><\/td><td class=\"has-text-align-center\" data-align=\"center\"><a href=\"http:\/\/traildelachouette.fr\/index.php\/edition-2023\">2023<\/a><\/td><td class=\"has-text-align-center\" data-align=\"center\"><a href=\"http:\/\/traildelachouette.fr\/index.php\/edition-2022\/\">2022<\/a><\/td><td class=\"has-text-align-center\" data-align=\"center\"><a href=\"http:\/\/traildelachouette.fr\/index.php\/edition-2021\/\">2021<\/a><\/td><\/tr><tr><td class=\"has-text-align-center\" data-align=\"center\"><a href=\"http:\/\/traildelachouette.fr\/index.php\/edition-2019\/\">2019<\/a><\/td><td class=\"has-text-align-center\" data-align=\"center\"><a href=\"http:\/\/traildelachouette.fr\/index.php\/edition-2018\/\">2018<\/a><\/td><td class=\"has-text-align-center\" data-align=\"center\"><a href=\"http:\/\/traildelachouette.fr\/index.php\/edition-2017\/\">2017<\/a><\/td><td class=\"has-text-align-center\" data-align=\"center\"><a href=\"http:\/\/traildelachouette.fr\/index.php\/edition-2016\/\">2016<\/a><\/td><\/tr><\/tbody><\/table><\/figure>\n\n\n\n<p><\/p>\n","protected":false},"excerpt":{"rendered":"<p>Tous les r\u00e9sultats et photos depuis la premi\u00e8re en 2016. 2024 2023 2022 2021 2019 2018 2017 2016<\/p>\n","protected":false},"author":1,"featured_media":0,"parent":0,"menu_order":0,"comment_status":"closed","ping_status":"closed","template":"","meta":{"footnotes":""},"class_list":["post-1656","page","type-page","status-publish","hentry"],"_links":{"self":[{"href":"https:\/\/www.traildelachouette.fr\/index.php\/wp-json\/wp\/v2\/pages\/1656","targetHints":{"allow":["GET"]}}],"collection":[{"href":"https:\/\/www.traildelachouette.fr\/index.php\/wp-json\/wp\/v2\/pages"}],"about":[{"href":"https:\/\/www.traildelachouette.fr\/index.php\/wp-json\/wp\/v2\/types\/page"}],"author":[{"embeddable":true,"href":"https:\/\/www.traildelachouette.fr\/index.php\/wp-json\/wp\/v2\/users\/1"}],"replies":[{"embeddable":true,"href":"https:\/\/www.traildelachouette.fr\/index.php\/wp-json\/wp\/v2\/comments?post=1656"}],"version-history":[{"count":12,"href":"https:\/\/www.traildelachouette.fr\/index.php\/wp-json\/wp\/v2\/pages\/1656\/revisions"}],"predecessor-version":[{"id":1741,"href":"https:\/\/www.traildelachouette.fr\/index.php\/wp-json\/wp\/v2\/pages\/1656\/revisions\/1741"}],"wp:attachment":[{"href":"https:\/\/www.traildelachouette.fr\/index.php\/wp-json\/wp\/v2\/media?parent=1656"}],"curies":[{"name":"wp","href":"https:\/\/api.w.org\/{rel}","templated":true}]}}