{"id":379,"date":"2017-08-18T09:29:52","date_gmt":"2017-08-18T08:29:52","guid":{"rendered":"http:\/\/traildelachouette.fr\/?page_id=379"},"modified":"2024-09-30T14:27:48","modified_gmt":"2024-09-30T13:27:48","slug":"edition-2016","status":"publish","type":"page","link":"http:\/\/www.traildelachouette.fr\/index.php\/edition-2016\/","title":{"rendered":"Edition 2016"},"content":{"rendered":"\n<p>Deux courses \u00e9taient au programme de cette premi\u00e8re \u00e9dition<\/p>\n\n\n\n<p>300 participants sur la Chev\u00eachette, 13 km au coeur de la Combe \u00e0 la Serpent<br>(<a href=\"http:\/\/traildelachouette.fr\/wp-content\/uploads\/2015\/08\/Chevechette.pdf\">R\u00e9sultats<\/a>)<\/p>\n\n\n\n<p>200 participants sur le Grand-Duc 29km et 1300 D+<br>(<a href=\"http:\/\/traildelachouette.fr\/wp-content\/uploads\/2015\/08\/Grand-Duc.pdf\">R\u00e9sultats<\/a> )<\/p>\n\n\n\n<p><br><a href=\"http:\/\/niko-ngoisque.blogspot.fr\/2016\/04\/trail-de-la-chouette-les-photos.html\">Les photos de la Chev\u00eachette<\/a> (Prises de vue de Nicolas Goisque)<\/p>\n","protected":false},"excerpt":{"rendered":"<p>Deux courses \u00e9taient au programme de cette premi\u00e8re \u00e9dition 300 participants sur la Chev\u00eachette, 13 km au coeur de la Combe \u00e0 la Serpent(R\u00e9sultats) 200 participants sur le Grand-Duc 29km et 1300 D+(R\u00e9sultats ) Les photos de la Chev\u00eachette (Prises <a class=\"more-link\" href=\"http:\/\/www.traildelachouette.fr\/index.php\/edition-2016\/\">Lire la suite &#8230;<\/a><\/p>\n","protected":false},"author":1,"featured_media":0,"parent":0,"menu_order":0,"comment_status":"closed","ping_status":"closed","template":"","meta":{"footnotes":""},"class_list":["post-379","page","type-page","status-publish","hentry"],"_links":{"self":[{"href":"http:\/\/www.traildelachouette.fr\/index.php\/wp-json\/wp\/v2\/pages\/379","targetHints":{"allow":["GET"]}}],"collection":[{"href":"http:\/\/www.traildelachouette.fr\/index.php\/wp-json\/wp\/v2\/pages"}],"about":[{"href":"http:\/\/www.traildelachouette.fr\/index.php\/wp-json\/wp\/v2\/types\/page"}],"author":[{"embeddable":true,"href":"http:\/\/www.traildelachouette.fr\/index.php\/wp-json\/wp\/v2\/users\/1"}],"replies":[{"embeddable":true,"href":"http:\/\/www.traildelachouette.fr\/index.php\/wp-json\/wp\/v2\/comments?post=379"}],"version-history":[{"count":10,"href":"http:\/\/www.traildelachouette.fr\/index.php\/wp-json\/wp\/v2\/pages\/379\/revisions"}],"predecessor-version":[{"id":1719,"href":"http:\/\/www.traildelachouette.fr\/index.php\/wp-json\/wp\/v2\/pages\/379\/revisions\/1719"}],"wp:attachment":[{"href":"http:\/\/www.traildelachouette.fr\/index.php\/wp-json\/wp\/v2\/media?parent=379"}],"curies":[{"name":"wp","href":"https:\/\/api.w.org\/{rel}","templated":true}]}}

<p>Deux courses étaient au programme de cette première édition</p>



<p>300 participants sur la Chevêchette, 13 km au coeur de la Combe à la Serpent<br>(<a href="http://traildelachouette.fr/wp-content/uploads/2015/08/Chevechette.pdf">Résultats</a>)</p>



<p>200 participants sur le Grand-Duc 29km et 1300 D+<br>(<a href="http://traildelachouette.fr/wp-content/uploads/2015/08/Grand-Duc.pdf">Résultats</a> )</p>



<p><br><a href="http://niko-ngoisque.blogspot.fr/2016/04/trail-de-la-chouette-les-photos.html">Les photos de la Chevêchette</a> (Prises de vue de Nicolas Goisque)</p>

<p>Deux courses étaient au programme de cette première édition 300 participants sur la Chevêchette, 13 km au coeur de la Combe à la Serpent(Résultats) 200 participants sur le Grand-Duc 29km et 1300 D+(Résultats ) Les photos de la Chevêchette (Prises <a class="more-link" href="http://www.traildelachouette.fr/index.php/edition-2016/">Lire la suite &#8230;</a></p>
